se 12?
-64494
What is 16c582 (base 15) in base 7?
12251126
What is fd94 (base 16) in base 12?
31698
Convert -411976 (base 13) to base 7.
-15620224
What is 1100010110010100001 (base 2) in base 7?
3303466
13201250 (base 6) to base 14
b4b4a
Convert -20120100022021 (base 3) to base 14.
-66c17d
What is 96030 (base 10) in base 6?
2020330
What is -1452611 (base 8) in base 14?
-ab3cd
What is 112121121010102 (base 3) in base 2?
11101101000001101001010
-10120010102 (base 3) to base 5
-4220301
What is -2213140 (base 5) in base 2?
-1001011010010001
45010 (base 8) to base 14
6c9a
Convert -695a9 (base 13) to base 16.
-2ee7b
Convert -1011001111101111000 (base 2) to base 5.
-43243004
-11282325 (base 9) to base 15
-735a65
Convert 201010010 (base 3) to base 7.
55425
-92e4 (base 16) to base 7
-214430
1500104 (base 6) to base 16
14e48
23525545 (base 6) to base 10
742601
Convert 2b86b6 (base 12) to base 15.
e9676
2383582 (base 9) to base 2
100111100001101001111
-eac933 (base 16) to base 9
-31851810
-4268381 (base 11) to base 3
-112010102001212
What is -844ee (base 16) in base 9?
-1015348
What is -786547 (base 9) in base 10?
-470653
Convert -33431502 (base 6) to base 10.
-1015166
Convert 66120623 (base 7) to base 16.
5680d0
2c358 (base 14) to base 10
110426
-20f9f (base 16) to base 11
-92532
What is -313940 (base 10) in base 8?
-1145124
Convert -246114 (base 7) to base 13.
-17835
What is 23323130231 (base 4) in base 6?
151005125
What is -29740 (base 13) in base 16?
-13132
-31b826 (base 14) to base 15
-233cee
What is -210010220110 (base 3) in base 10?
-416190
19961b4 (base 13) to base 11
4844382
What is 303123202 (base 5) in base 15?
192802
Convert -48d9ea (base 15) to base 6.
-202435004
What is -2c9002 (base 15) in base 7?
-24221354
Convert -526773 (base 11) to base 5.
-203442300
What is 1268942 (base 10) in base 16?
135cce
What is -126450512 (base 7) in base 5?
-4044303033
Convert 2a45aaa (base 13) to base 10.
13493607
Convert -122233331 (base 4) to base 3.
-12120021222
What is -6c7fd (base 16) in base 4?
-1230133331
What is 3247111 (base 10) in base 13?
898c8a
-56437 (base 9) to base 6
-445441
Convert 11032003030 (base 4) to base 9.
2514817
-bbc2 (base 15) to base 16
-9b66
Convert -22200011322 (base 4) to base 12.
-b09136
What is 27799c (base 15) in base 13?
51642c
What is -7473663 (base 9) in base 16?
-3d1c4c
Convert -257147 (base 8) to base 10.
-89703
-1a329 (base 14) to base 16
-103b1
Convert -25109 (base 10) to base 9.
-37388
33071325 (base 8) to base 12
2469019
Convert 1046120 (base 7) to base 15.
284ee
What is -3529c47 (base 13) in base 4?
-332213302002
What is 1111110111001100101 (base 2) in base 10?
519781
What is 221021111 (base 3) in base 15?
56d7
What is 3930630 (base 10) in base 9?
7350726
-3653937 (base 11) to base 4
-120100210110
Convert 20132143 (base 6) to base 5.
121301111
Convert -2548001 (base 9) to base 14.
-2828c4
Convert -361735 (base 10) to base 3.
-200101012121
-2153422 (base 8) to base 11
-3662a9
-20233400 (base 5) to base 2
-101000001111110010
30201313100 (base 4) to base 15
44d272
What is -31644475 (base 8) in base 12?
-2325279
What is -26471 (base 13) in base 14?
-1bc88
-50616416 (base 8) to base 4
-220301310032
Convert -21c218 (base 15) to base 3.
-10000210222112
What is -47128 (base 11) in base 13?
-24c73
1121030202 (base 4) to base 7
3051102
What is 1421512 (base 8) in base 6?
12342134
What is 663134 (base 7) in base 2?
11100011001111111
-937038 (base 12) to base 14
-443340
What is -2442347 (base 8) in base 11?
-41a6a8
What is 120242013 (base 6) in base 4?
20213322321
What is -233010054 (base 6) in base 9?
-8144737
-121211101122 (base 3) to base 15
-68238
1020313120 (base 4) to base 9
504357
What is -142334022 (base 5) in base 4?
-2312022121
-1125432 (base 6) to base 12
-29878
Convert -405221 (base 8) to base 15.
-29987
What is 35664462 (base 7) in base 12?
1091986
What is -8a663 (base 11) in base 14?
-35b7b
What is a825a (base 11) in base 16?
266b5
Convert 1002 (base 8) to base 14.
28a
What is -46423455 (base 7) in base 9?
-7587536
Convert 101010001111101000000 (base 2) to base 8.
5217500
Convert b0231 (base 14) to base 3.
210111021002
Convert -1512f (base 16) to base 8.
-250457
What is 2362525 (base 7) in base 14?
7ba15
What is 101110011011100011101000 (base 2) in base 10?
12171496
What is 110000110001 (base 2) in base 4?
300301
58abb (base 13) to base 7
1243650
What is -14110c8 (base 13) in base 6?
-343541143
What is -61911 (base 13) in base 7?
-1326330
Convert 6112962 (base 10) to base 16.
5d46c2
7584735 (base 9) to base 5
2020240320
Convert 8dc24 (base 15) to base 11.
289334
What is -22456603 (base 8) in base 3?
-100011121022211
571372 (base 12) to base 14
2831b0
-101100120100 (base 3) to base 9
-340510
What is -20031015 (base 7) in base 11?
-a30182
What is -63579 (base 15) in base 8?
-1147352
Convert -a8658 (base 12) to base 7.
-1613366
Convert -9f0da (base 16) to base 13.
-19a6c0
What is 447471 (base 9) in base 6?
5424231
-22000222101 (base 3) to base 13
-56cc5
Convert 24326 (base 14) to base 12.
43212
Convert 1412576 (base 8) to base 2.
1100001010101111110
Convert -1666744 (base 11) to base 6.
-140431042
What is 174617 (base 10) in base 9?
285468
Convert 190658 (base 13) to base 15.
c676e
What is 1960a3 (base 11) in base 12?
126187
-1000100110100000000101011 (base 2) to base 5
-14104220302
953a7 (base 13) to base 7
2166214
Convert -26370072 (base 8) to base 2.
-10110011111000000111010
1120210210021 (base 3) to base 11
526042
5203061 (base 7) to base 4
2120011103
1021433140 (base 5) to base 14
3d9b47
What is -155054504 (base 6) in base 7?
-40135414
72ce81 (base 15) to base 6
313012434
What is -104a897 (base 11) in base 15?
-2667c4
Convert -48203 (base 10) to base 2.
-1011110001001011
Convert 1430301 (base 5) to base 9.
45227
What is 330201210203 (base 4) in base 3?
1002212002021002
102111220221112 (base 3) to base 12
207174b
What is 21321 (base 10) in base 6?
242413
What is 61a572 (base 12) in base 15?
203d0e
15154472 (base 9) to base 5
3412112313
50a0e6 (base 15) to base 6
214035213
Convert -1a07411 (base 11) to base 3.
-20101022210100
What is 288d9 (base 14) in base 16?
188bf
What is -2374342 (base 9) in base 14?
-257b45
Convert -1014361 (base 7) to base 5.
-12342422
Convert 100001110011001001 (base 2) to base 11.
95016
Convert -5035102 (base 8) to base 13.
-3754cb
What is -12222020200101 (base 3) in base 5?
-1303030313
109214a (base 11) to base 10
1906167
Convert -38d91c (base 15) to base 11.
-15a4417
Convert 12122000000 (base 3) to base 7.
641025
What is 101010001101110001 (base 2) in base 12?
84095
-1ce37a (base 15) to base 6
-50154311
What is 110111000111110011 (base 2) in base 11?
1446a4
What is -203443 (base 7) in base 13?
-12b44
a328 (base 12) to base 10
17744
Convert 32069 (base 16) to base 8.
620151
15646604 (base 7) to base 5
342241330
2103120 (base 7) to base 16
3dd0d
Convert -b59b4 (base 16) to base 15.
-ea60a
Convert 5252344 (base 6) to base 13.
8c611
8df2 (base 16) to base 12
19042
Convert 111201000 (base 3) to base 8.
23406
200201121210022 (base 3) to base 9
20647708
-3e6124 (base 15) to base 13
-813b23
-3252104 (base 6) to base 15
-33217
What is -35035610 (base 8) in base 15?
-a0702b
45065276 (base 8) to base 3
200022011110110
What is -47646 (base 14) in base 7?
-1323416
Convert -1011000111011101000010 (base 2) to base 7.
-33524650
What is 122032313300 (base 4) in base 11?
3977596
What is -140424533 (base 6) in base 13?
-782cc4
2734b (base 14) to base 5
11043240
-110122222221120 (base 3) to base 14
-c7328b
Convert 100212102010 (base 3) to base 12.
94486
Convert 83304 (base 11) to base 6.
2334240
What is 2dc553 (base 15) in base 2?
1000011101101001010010
2123a6a (base 13) to base 11
5772083
Convert 34a7 (base 13) to base 5.
214104
What is 12655000 (base 7) in base 11?
731660
39231 (base 11) to base 5
3244203
Convert -650575 (base 8) to base 11.
-13942a
-3001110 (base 4) to base 12
-71b0
1fff8 (base 16) to base 12
63a20
Convert -3004140 (base 6) to base 3.
-21011021020
Convert 44b4b8 (base 13) to base 3.
10001112021100
Convert 100102202012 (base 3) to base 10.
185711
bc927a (base 13) to base 3
22100221100220
Convert -113654213 (base 7) to base 11.
-3a89a99
Convert -212302313 (base 4) to base 12.
-77b5b
-1